ppose -4*k + 6 = 10. What is r(k)?
-6
Let u(s) be the third derivative of s**5/20 + s**3/6 + s**2. Let z = -3 + 6. Suppose -k - 4*m = 3*k, 3 = z*m. Give u(k).
4
Let n(p) = -p**2 + 8*p - 8. Let l(z) = z**3. Suppose r - 6*o = -3*o - 1, -r - 1 = o. Let u be l(r). Let v be (-5)/((-5)/(-6))*u. What is n(v)?
4
Suppose 29 = 2*j - 5*k + 3, -4*k = 16. Let v(c) be the first derivative of 1/2*c**2 - j*c + 1. Calculate v(3).
0
Let q(w) be the second derivative of -w**5/20 + w**4/3 + w**3 - w - 52. Let r be 0 - (-1)/(1/4). Suppose -r*a + 10 = -10. What is q(a)?
5
Let y(m) = 269 - 269 + 3*m**2 - m. Let t(l) = -l**3 - 5*l**2 - 3*l + 3. Let q be t(-4). What is y(q)?
4
Let q(t) = t**2 + 10*t + 8. Let j be q(-9). Let b(v) = 8*v**2 + 4. Let x be (-4)/(-16) + 10/(-8). Let o(r) = r**2 + 1. Let p(u) = x*b(u) + 4*o(u). What is p(j)?
-4
Let m(h) = -h + 9. Let z be (0 - 6) + (-2)/2. Let n be 16/2*(-3)/2. Let c = z - n. What is m(c)?
4
Let u(r) = -2*r**2 - 2*r - 1. Let j be -1 + 0 - 5/5. Let b = j + 3. Suppose -4*x - 3 = b. What is u(x)?
-1
Let m = 6 + -4. Let q(f) = 0 - m + 3*f - 3*f + f. What is q(-4)?
-6
Let q(g) = g**2 + 4*g. Suppose -k + 20 = -5*k. Calculate q(k).
5
Let y(u) = -2*u + 1. Let i be (-46)/(0 - (0 - -2)). Let b = i + -20. Calculate y(b).
-5
Let y(k) = -k. Let j(s) = -6*s - 2. Let v(b) = -j(b) + 3*y(b). What is v(-2)?
-4
Let a(p) = -p**2 - p - 8. Suppose 0 = -2*y + 2*o + 12, -4*o + 27 = 5*y - 3. Suppose -3*l + 4*l - 3*c = 6, -5*l - 3*c = y. What is a(l)?
-8
Let j(l) = -l**3 - 4*l**2 + 5*l + 6. Suppose 4*g - v + 15 = 0, -3*g - 36 + 6 = 3*v. Give j(g).
6
Let w(m) be the second derivative of -m**5/20 - 5*m**4/12 + 7*m**3/6 + m**2/2 + 7*m. Determine w(-6).
-5
Let a(c) = 7*c**2 + 9*c + 9. Let p(l) = 3*l**2 + 4*l + 4. Let j(k) = 4*a(k) - 9*p(k). Let f be (3/9)/((-1)/(-9)). Let q be 8/(-6) + 1/f. Determine j(q).
1
Let j(k) = k**3 - 3*k**2 - 5*k + 3. Suppose -2*f = -3*f - 6. Let b(t) = -t**2 - 8*t - 8. Let u be b(f). What is j(u)?
-1
Let h(g) be the first derivative of g**2/2 - 5*g + 1. What is h(6)?
1
Let a(j) be the second derivative of j**6/120 + j**5/15 - j**4/12 - 2*j**3/3 - j**2/2 + 3*j. Let p(h) be the first derivative of a(h). What is p(-4)?
4
Let f(s) = 2*s - 2. Let y = -42 - -39. Calculate f(y).
-8
Let j(d) = d**2 + 6*d - 4. Let n be j(-7). Suppose 0 = -o + n. Let h(m) = m**3 - 2*m**2 - 4*m + 3. Give h(o).
0
Let p(k) be the second derivative of 0*k**3 + 0*k**2 - 4*k + 0 + 1/12*k**4. What is p(-2)?
4
Let k(w) = 7*w**3 + 8*w**2 - 15*w + 3. Let o(j) = 4*j**3 + 4*j**2 - 8*j + 1. Let t = -2 + -1. Let s(p) = t*k(p) + 5*o(p). Determine s(-5).
-4
Suppose -4*s + 1 = -3*z + 2, -4*z - s + 14 = 0. Let j(x) = -x + 3. Calculate j(z).
0
Let s be 2/(-6)*(-78)/(-52) - -1. Let g(z) be the first derivative of s*z**2 - 3 + 5*z. What is g(-5)?
0
Suppose -4*g + 5 = -d, 2*g - 5*g = 5*d - 21. Let r(b) = 2*b - 3*b + g - 2 - 1. Determine r(-3).
2
Let p(o) = -o - 5. Let f = 3 - 4. Let l be f/((-3)/(-21) + 0). Calculate p(l).
2
Let s(r) = -r**3 + 4*r**2 + r - 5. Let t be s(4). Let o(h) = -8*h - 6*h**2 + 2*h + 5*h + 2*h. Give o(t).
-7
Suppose 3*s - 6*s = 18. Let d(f) = f**2 + 4*f - 6. Determine d(s).
6
Suppose -2*g - 10 = -4*h, -2*g - 5*h + 12 = 4. Let v(s) = s + 1. Let p(r) = -5. Let l(q) = -p(q) - 6*v(q). Calculate l(g).
5
Let p(m) = 10*m + 64. Let d be p(-6). Let o(h) be the second derivative of d*h + 0 + 1/6*h**3 - h**2. What is o(6)?
4
Let h = 20 + -12. Let n be 4/h*(-1 + 7). Let r(m) be the second derivative of -m**5/20 + m**4/4 + m**3/6 + 3*m**2/2 - m. What is r(n)?
6
Let m(t) = 10*t. Let r(d) = 2*d**2 - 1. Let a(o) = -o**2 - 3*o + 1. Let v be a(-3). Let z be r(v). Give m(z).
10
Let i(b) = b**3 + 6*b**2 + 6. Let d(f) = -3*f - 6. Let l be d(0). Give i(l).
6
Let w(i) = -6*i + 1. Let d = -3 - -8. Let c = -2 + d. Let m(g) = 7*g - 1. Let s(y) = c*m(y) + 4*w(y). Give s(1).
-2
Let y(r) = r**2 + 7*r - 10. Let j(x) = 2*x**2 - 2*x - 9. Let i be j(0). Determine y(i).
8
Let p(n) = -4*n**3 + 6*n**2 + 6*n + 7. Let c(s) = 5*s**3 - 7*s**2 - 7*s - 8. Let d(z) = -3*c(z) - 4*p(z). Give d(4).
0
Let i(h) = -11*h**2 - 7*h + 12. Let r(l) = -4*l**2 - 2*l + 4. Let f be 24/(0 - 3/(-3)). Suppose -f = -2*n - n. Let q(k) = n*r(k) - 3*i(k). Determine q(-5).
-4
Let q(d) = -d + 7. Suppose -14 = -3*c + 4. Let l be ((-4)/c)/((-3)/27). What is q(l)?
1
Let v = -5 - -5. Let n(h) = -h - 3. Let i(s) = -1. Let r(g) = 2*i(g) + n(g). What is r(v)?
-5
Let n(c) be the third derivative of -c**6/360 + c**4/24 - 3*c**2. Let s(r) be the second derivative of n(r). Determine s(-1).
2
Let n(v) = 2*v**2 - v**2 + 23*v - 31*v + 6. Determine n(6).
-6
Let p = 33 + -25. Let a(c) = -c**3 + 8*c**2 - c + 4. Determine a(p).
-4
Let x = 2 - -1. Let i(u) be the second derivative of -u**3/6 + u**2 - 4*u. Calculate i(x).
-1
Let h(l) = -l**2. Let j(u) = -u**3 + 6*u**2 - 1. Let b be j(6). Let o(w) = -w**3 - 2*w - 7. Let n(a) = b*o(a) - 6*h(a). Give n(-6).
-5
Let s be (-2)/(-15) - 4/30. Let r(o) = -o - 5. Determine r(s).
-5
Suppose -5*f - 9 = -3*d, -2*d - d + f + 9 = 0. Let g(a) = a**2 - 3*a - 1. What is g(d)?
-1
Let d(f) = -7*f**2 + 4*f**3 + 6 + 3 - 6*f + 15*f - 5*f**3. What is d(-8)?
1
Suppose 5*x = -5*x + 6*x. Let r(u) = -5*u - u**2 + 4*u - 5 + 0*u. What is r(x)?
-5
Suppose 16 = 8*i - 24. Let m(u) = -5*u. Let c(t) = -6*t. Let w(s) = 3*c(s) - 4*m(s). Determine w(i).
10
Let d(s) = -13*s + 5*s + 9*s + 10 - 3. Determine d(-4).
3
Let w(y) = -y + 19. Let n be w(13). Suppose -n - 2 = 4*r. Let k(m) = 2*m**3 + 3*m**3 + 2 + 2*m**2 - 3*m**3 + m. What is k(r)?
-8
Let t(a) = -a**3 - 5*a**2 + a + 1. Suppose n + 55 = 4*c + c, 3*n = -2*c + 5. Let k be (-1)/5 + (-48)/c. Calculate t(k).
-4
Let j(q) = q + 4 - q - q**3 - 3*q - 4*q**2. Let r be 1/(-6) + 65/30. Let p be r + -2 + 0 - 3. What is j(p)?
4
Suppose 5*r - 8 = 7. Let n(a) = -a**2 + r - a + 4*a - a. Suppose 0 = -3*g + 8*g - 20. What is n(g)?
-5
Let i(o) = 2*o**2 - 5*o + 4 - 8*o**2 + 4*o**2 + o**3. Give i(4).
16
Let r(q) = 2*q + 4. Let h be 40/6*(-6)/4. Let l be ((-4)/(-10))/(h/100). Give r(l).
-4
Let v(d) = 2*d**3 + 4*d**2 + d - 2. Let o(b) be the second derivative of 0 + 1/20*b**5 + 7/12*b**4 - 9/2*b**2 - b - 1/6*b**3. Let q be o(-7). Determine v(q).
-4
Suppose 15 = 2*m + 3*m. Let n = 4 - m. Let x(a) = 9*a + 17. Let w(j) = j + 2. Let q(p) = 51*w(p) - 6*x(p). Give q(n).
-3
Let r(z) = z**3 - 7*z**2 + 4*z - 7. Let o(y) = -2*y**3 + 15*y**2 - 9*y + 15. Let d(j) = -3*o(j) - 7*r(j). Give d(4).
0
Let i = -1 - -3. Let m be i - (0 + 0 + -2). Suppose -2*f = c - 8, 0 = 3*c + m*f - 2*f - 4. Let q(k) = k**3 + 2*k**2 - 3*k - 3. Give q(c).
3
Let b(f) = -3*f + 9. Let v(r) = r - 2. Let t(d) = 2*b(d) + 9*v(d). Let l(x) = -x**3 - 3*x**2 - 1. Let n be l(-3). What is t(n)?
-3
Let h(j) = -j**3 + 6*j**2 - 6*j + 7. Let f = -6 - -11. Calculate h(f).
2
Let b(k) = k**3 + 2*k + 5*k**2 - 2*k**3 - 5*k. Let n = 12 + -9. Suppose 3 = -4*i + i, -n*i = 3*o - 9. What is b(o)?
4
Let n(i) = i**2 - 2*i - 4. Let a be 1 - (-5)/(10/8). Suppose -a = 3*l + 10. Let p be (l/((-5)/(-8)))/(-2). Determine n(p).
4
Let j(r) be the second derivative of -r**3/6 + 3*r**2/2 - 14*r. Give j(-4).
7
Let q(n) = n**2 + 3*n - 7. Let z be ((-4)/(-3))/((-10)/(-60)). Let t = 3 - z. What is q(t)?
3
Let v(a) = a**3 - a**2 - 8 - 3 - 1. Let u(o) = -o**2 - 1. Let m(h) = 6*u(h) - v(h). Determine m(-5).
6
Let j(w) = 2*w**2 + 1. Suppose -p + 10 = -0*l + 3*l, 0 = -2*l + 4. Suppose c - 5 = -p*c. What is j(c)?
3
Suppose -10*k + 10 = -9*k. Let o(g) = -5 + k*g - 6*g - 3*g. Determine o(4).
-1
Let u(x) be the second derivative of x**5/4 - x**4/6 + x**2/2 - 3*x. Suppose -3*v - 3 = 0, 1 = 5*f + 3*v - 1. Determine u(f).
4
Suppose 0*p = -3*p - 18. Let a = p + 7. Let m(j) = -7*j + 1. What is m(a)?
-6
Let h = -3 - -3. Suppose -q + h = -2. Let z(k) = q*k - k**2 + 4*k**3 - 4*k + 3*k - 12*k**3 + 1. Determine z(-1).
7
Let a(m) = m**3 + 3*m**2 - 1. Let g be a(-3). Let h(b) be the third derivative of b**5/30 + b**3/6 - 3*b**2. Determine h(g).
3
Let i be ((-1)/2)/((-14)/364). Let t = i - 7. Let d(g) = -3*g + 6. Determine d(t).
-12
Let d be (16/20)/((-4)/30*-3). Let w(n) = n**3 - 2*n**2 + 3*n - 1. Determine w(d).
5
Let i(w) = -3*w**2 + 16*w + 15. Let x be i(-1). Let q(y) = -y + 5. Let j = -8 + 11. Let d(m) = -1. Let f(g) = j*d(g) + q(g). Give f(x).
6
Let v(d) = -4*d**2 + 24*d - 4. Let c b